+ 22)?
16
Evaluate 34 + -19 + 4 - 44.
-25
Evaluate -10 + (0 - -17 - 32) + 12.
-13
Evaluate 20 + -10 + (8 - 32).
-14
(2 - (2 - 7)) + (7 - (3 + -5))
16
-17 - (-10 - -8 - 0 - 2)
-13
Evaluate (-4 - -11) + -15 + 8 + (-14 - -2).
-12
Calculate 27 - (-11 - -39 - 17).
16
What is 1 + (1 - -1 - 19) + 29 + -25?
-12
19 + -29 + 13 - (2 - 8)
9
Evaluate -2 + 5 + 1 + (5 - 10).
-1
Calculate -51 - -64 - (16 + -1).
-2
Evaluate -8 - (6 - 3) - (-3 + 13 - 15).
-6
Calculate (7 - 2 - (39 + -31)) + -12.
-15
Calculate -11 + (27 + -14 - 9).
-7
What is the value of 17 + 2 - (405 + -389)?
3
Evaluate -8 - (6 - 4 - (11 + -12)).
-11
What is the value of 6 - 26 - (-4 - (8 - (11 + -6)))?
-13
What is -5 + -8 + (37 - 45)?
-21
Calculate 13 + (-2 - (-2 - 4)) + -13.
4
What is the value of (35 - 22) + (-9 - -7 - 12)?
-1
What is the value of (-17 - -18) + -4 + (-3 - (1 + -7))?
0
What is the value of 1 + 8 - (-89 - -33 - -88)?
-23
Evaluate 7 + (-32 + 9 - -3).
-13
What is the value of 0 + 9 - -1 - (-7 - -18)?
-1
What is 0 + 3 + 3 + (89 - 81)?
14
What is the value of (46 - 11) + 6 + 11 + -13?
39
-1 - (-1 - 1) - (-21 - (7 - 21))
8
Evaluate -460 + 445 - (9 + -1).
-23
What is the value of (13 - 4 - 6) + -17 + 6?
-8
What is the value of 18 + -1 - (-16 + (4 - -2) - -11)?
16
3 - (-125 - -113 - (0 - -1))
16
What is the value of 10 + -14 + -5 + 0?
-9
Calculate -8 + 13 - 21 - -31.
15
Calculate -26 + (-18 - (-65 + -2)).
23
Evaluate (2 + 3 - (2 + -1)) + (2 - 13).
-7
35 + 4 + -29 + -2
8
Calculate 29 - 24 - 8 - (-15 + 2).
10
35 - (23 + -14 + 43)
-17
What is -1 + -3 - (350 + -328)?
-26
What is the value of 8 - (-7 + -1 - (1 + -6))?
11
Calculate 13 + -16 + 2 + 9 + -3 + -11.
-6
Evaluate 13 + -1 + (-8 - 8 - -7) + 12.
15
Calculate 2 + 18 + 101 + -114.
7
Evaluate -13 + (7 - -19) + -3.
10
What is -59 + (-19 - (-62 + 10))?
-26
What is the value of -1 + (12 + -26 - -6)?
-9
7 + (-4 - 24 - -26)
5
What is the value of (-8 - (-6 + -1 + 27 + -20)) + 8?
0
Calculate 0 - (4 + -2) - (27 - (-24 + 34)).
-19
Evaluate 13 - -2 - (70 - 67).
12
What is the value of 16 + -22 + (10 - 3) + -2 + -36?
-37
(-2 - -1 - -1) + -6 - (615 + -616)
-5
Evaluate 1 + -2 - -1 - (-37 - (-23 - 21)).
-7
What is the value of 0 + 10 - (3 - 22 - 4 - -8)?
25
-16 + 23 + -10 + 5
2
What is the value of (-704 - -737) + (1 - 1 - 9)?
24
-4 + (34 + -13 - (-1 + 3 + -8))
23
What is (-4 + 11 + -18 - -3) + 24?
16
(1 - -2 - 36) + 2 + -206 + 213
-24
What is the value of -9 + -12 + (-10 + 6 - -26)?
1
Calculate (80 + -44 - 23) + (-26 - 1).
-14
(-1 - 1) + 8 + 5 + (5 - 2)
14
What is -6 - (-5 - ((-4 - -8) + -3)) - -7?
7
Evaluate 2 + (1 - -7) + -6 + (1 - 3).
2
What is -6 - (-11 - (4 - 7))?
2
What is the value of (82 - 36) + -49 + 1?
-2
What is -2 + (1 - (-5 + -5)) + -6 + 1?
4
Calculate 23 - ((9 + -26 - -10) + 7).
23
-5 + -10 + 10 - -8 - -12
15
Calculate 16 + 0 - (16 + 3 + -15).
12
What is the value of -2 + (4 - 4) + (-7 - -9) + 18?
18
What is the value of -10 + (3 + -3 - -8)?
-2
Calculate (1015 - 1023) + (18 - -1).
11
What is (-7 - 7) + 12 - (0 + -2)?
0
Calculate 0 + (-6 - 0) - (-2 + 6 + -13).
3
What is 26 - (-26 - -16) - 34?
2
What is the value of (80 - 97) + (14 - 1)?
-4
18 - 2 - (-11 + 9) - 5
13
What is the value of 204 - 219 - (2 + -41)?
24
What is 1 + (2 - -3 - 8) + 11?
9
What is the value of 10 + -20 - (0 - (-9 + 1) - 3)?
-15
Calculate -9 + (8 + -3 - 11).
-15
(-3 - 1) + -2 + -2 - -13
5
Calculate (-3 - (-21 + 4)) + (64 - 86).
-8
-28 + 21 + (7 - 3) - (1 + -9)
5
What is (4 + 10 - 14) + -10?
-10
Calculate -20 + (222 - 233 - (-18 - -1)).
-14
Evaluate -15 + 0 + (-109 - -120).
-4
Calculate -9 - ((0 - 1) + -26 - -4 - 4).
18
What is -4 - 1 - (0 - 3 - -6)?
-8
What is 19 + 3 + -10 - (0 - -20)?
-8
What is the value of 3 - (-14 - (-9 + -7 + 8))?
9
Calculate -3 + -18 + 4 - (-2 + (-4 - 0)).
-11
Evaluate -3 + 2 + -12 + 8 + 0 + 12.
7
Evaluate -62 - -48 - (2 + -14).
-2
Calculate 5 + 6 + (-26 - -22) - (7 - -1).
-1
Calculate 26 + (5 - 22) - -4 - 17.
-4
2 + -5 + 13 + (-14 - 0) + 9
5
Evaluate 7 - -7 - (11 + 0).
3
Calculate 36 + (-5 - (4 - 9)) + -1.
35
Calculate 8 + 1 + (4 - (-31 - -35)).
9
What is -21 - (-17 + 10 + (3 - (4 - 1)))?
-14
Calculate (-30 - -3) + -25 + 44.
-8
What is 51 + -26 + -20 + (1 - (-1 - -2))?
5
Calculate (-17 - 0) + (-49 - -49) + 36.
19
Calculate -3 - (-15 + -4 + 9).
7
-214 - -219 - (1 + 1 + 1 + -10)
12
Evaluate -5 + 9 - (-1 + 0 + 3 + -2).
4
What is the value of (-3 - (1 - 4)) + 5 - -5?
10
What is (293 - 315) + (-2 - -37)?
13
Evaluate 2 + -2 + 4 + (14 - 22) + -1.
-5
18 + -26 + (0 - 28) - (8 - 17)
-27
(-6 - (-10 - -6)) + (-4 - 1)
-7
What is the value of 0 - 1 - (-83 + 79) - (2 - -15)?
-14
Evaluate 1 + -4 - (-39 - -59).
-23
Evaluate 40 + 8 - (67 + -30).
11
Evaluate (-14 - (-20 + -3)) + 4.
13
What is the value of 16 + 24 + -78 + 36?
-2
(-17 - -2) + -1 + -27 - -3
-40
-12 + 11 + (-6 + 2 - -1)
-4
Evaluate 4 + (2 - -2) + -2 + -12.
-6
What is -212 + 224 - (5 - (3 - -7) - -18)?
-1
What is -5 + (1 - (7 - 1 - 4))?
-6
Evaluate 0 + (-3 + 9 + -9 - (0 - 2)).
-1
Calculate (1 - -7) + (-7 + 29 - 25).
5
-3 - (-4 - 2) - (3 + -23 + 28)
-5
What is the value of 14 - 2 - (29 - (-9 - -21))?
-5
What is the value of 0 - ((-7 - -14) + -10) - (0 - -1)?
2
Calculate (33 - (73 + -12)) + 0 + 1.
-27
What is the value of (-36 - -35) + 21 + -3?
17
What is 59 + -63 + (-7 - (18 + -6))?
-23
Evaluate 3 - 2 - ((-7 - -23) + -8).
-7
(-41 - -35) + (-4 - (1 + 1 - 1))
-11
Calculate -23 - (-9 + (11 - 0) - 13).
-12
Evaluate 2 + -10 - (-3 + (19 - 5) + -7).
-12
Evaluate -3 - ((-6 - 1) + -4 - -6).
2
Calculate (-30 - -43) + -19 + 1 + -4 + 2.
-7
What is the value of -3 + 8 - -7 - 12?
0
What is (-56 - -88) + 4 + -21?
15
Calculate -18 + 52 - 15 - (17 - 1).
3
Calculate 220 - 215 - (-1 + -5 + 1).
10
Calculate 7 + -6 + 37 + -56.
-18
Calculate -15 + 7 + -1 + 2 + -3 - 7.
-17
(-31 - -11) + 20 + -1
-1
(-6 - (1 + -18)) + -3 + -7
1
8 + -4 + 12 + -12
4
What is the value of -1 + (-28 - 1 - -45)?
15
Evaluate 3 + 2 + (0 - (6 - (-2 + 6))).
3
What is the value of 39 + (42 - (79 + -26))?
28
What is the value of -11 - (-19 - (-26 - -19))?
1
Calculate 3 - (0 + 0 + (-19 - -14) + -3).
11
What is 5 - 8 - ((4 - -4) + 4)?
-15
Calculate -27 + -7 + 1 + 12.
-21
What is the value of 5 - (9 + 4 - 26)?
18
What is -5 + -2 + 5 + -4 - (-1 - 19)?
14
What is the value of 16 + -19 + 2 - (-7 - 2)?
8
Evaluate 3 + (9 - 15) + 4 - (-5 + -3).
9
-45 + 3 + 27 - (10 - 4)
-21
Evaluate -14 + 4 + 6 - (-4 + (7 - 3)).
-4
What is (-3 + 10 - 2 - 7) + 6 + -5?
-1
-20 - (7 - (18 - -1))
-8
27 - 23 - 15 - 1
-12
Evaluate -27 - -28 - 12 - -29.
18
What is the value of (17 - 7) + -34 - -42?
18
What is (-6 - (10 - (1 - -21))) + 0?
6
What is the value of 2 + 20 - (17 + 0 + (2 - 10))?
13
What is -20 - (9 - (-3 + 39))?
7
0 - (-2 + -10 + -8 + 6 - -8)
6
What is (15 - (19 - 17)) + (-2 - 3)?
8
1 - -24 - (-8 + -9 + 11 + 5)
26
What is 19 + -3 + 8 + -27?
-3
83 + -43 + (-4 - 1)
35
Evaluate 58 + -42 + (5 - (-7 - -2)) + -1.
25
What is -33 + 22 - -20 - (13 + 0)?
-4
What is 8 + 0 + -3 - (3 + -4)?
6
Evaluate 0 + (14 - 19) + 9 + 20.
24
Evaluate -5 - 1 - (-178 - -182).
-10
1 - -2 - 10 - (2 - 8 - -9)
-10
7 + 0 - -20 - (-1 + -4) - 5
27
Evaluate -2 + (-18 + 13 - 3).
-10
Calculate 2 + 19 + -6 + -29 + 27.
13
Evaluate (0 + -6 - (-3 - -4)) + (-1 - 6).
-14
Calculate -1 - -3 - (5 - 2) - (-123 + 117).
5
Calculate 2 + -17 + -5 + -10.
-30
What is the value of (-8 - -3) + 3 - (-26 + (12 - 7))?
19
Evaluate 18 + 29 + -14 + -8.
25
Evaluate 2 + (8 - (5 + 1 - 6) - 5).
5
Calculate (7 - (3 - 1)) + 5 + (-70 - -35).
-25
Calculate (4 - 6) + 5 + 9 + -7.
5
Calculate -28 + -2 + (15 - (-21 + 40)).
-34
What is the value of -16 + 9 + -12 + 29?
10
What is the value of -4 + 3 + 4 - (6 + -5 + 4)?
-2
-22 + -1 + 7 + 5 - -13
2
What is the value of -5 + (-7 - (-1 - 14))?
3
-1 - ((-3 - -1) + (2 - (-5 + 8)))
2
What is the value of -9 - (-39 - (-3 + 12 + -15))?
24
Calculate 30 - ((2 - 10) + 10 + 7 + -2).
23
Calculate 15 + 14 + -2 + -31.
-4
Evaluate -491 + 457 - (1 + -26).
-9
Calculate (11 - 2) + (50 - 63) + 1 + 4.
1
Calculate 4 + (7 - (-6 + 17 - 6)).
6
Calculate 32 + (-2 - (-17 - (-8 - 5))).
34
What is the value of (-18 + -4 - (0 - 4)) + 5?
-13
Calculate 1 + 22 + (355 - 405).
-27
Calculate 2 + (6 - ((1 - -5) + 0)) + -12.
-10
What is (0 - 0) + -39 + (14 - -23)?
-2
12 + (-1 + 3 - (-2 - (0 + -4)))
12
What is -6 + 6 + (0 - (5 - (0 - 